 What is the tens digit of s?
4
Let c = -16 - -13. Let m be -16*3/c - -3. Suppose 0 = 2*j - m - 39. What is the tens digit of j?
2
What is the tens digit of (266 + -14 - -13)*(-32)/(-10)?
4
Let k be (1 - 87/12)*-24. Suppose -4*t + 226 = -k. What is the units digit of t?
4
Suppose z - 277 = -q, -5*z + 3*q + 1345 = -0*z. What is the hundreds digit of z?
2
Suppose 2*t - 4720 = -3*t - 2*u, 3*t - 2832 = 2*u. What is the hundreds digit of t?
9
Let p = -677 + 1413. What is the hundreds digit of p?
7
Let y(f) = 2*f**3 + 14*f**2 - 9*f + 8. Let j(w) = -w**3 - 13*w**2 + 8*w - 8. Let q(s) = -3*j(s) - 2*y(s). What is the tens digit of q(10)?
4
Suppose -3*q = -5*d - 24, 3*q - 2*d = -4*d + 3. Suppose 24 = 5*w - 2*w. Suppose 5*b - 108 = 2*h - 4*h, q*h + w = b. What is the tens digit of b?
2
What is the tens digit of (36/12 - 21/5)*-1115?
3
Let m = -2174 - -3722. Suppose 0 = 4*g + 5*g - m. What is the hundreds digit of g?
1
Suppose 5*v = -4*f - 28, 14 = -2*f - 0*f - 5*v. Let m = f - -11. Suppose 0 = -m*u - o + 124, 3*u - 4*o - 43 = 31. What is the units digit of u?
0
Suppose -87 = -3*b + 297. Let p = -223 + b. Let x = -64 - p. What is the units digit of x?
1
Suppose 11*s - 1016 = 10*s - 3*x, -2*x + 1019 = s. What is the thousands digit of s?
1
What is the units digit of (9 - 362)/((-6)/96)?
8
Suppose 4 = -3*c + 1, 0 = -b + c + 3. Suppose 5*z - 18 = 2*a, -2*a = -b*z - 3*a. Suppose 3*v + z*v = 95. What is the tens digit of v?
1
Suppose -g - g - 14 = 0. Let j be 1 + 8 - (g - -3). Suppose -3*d - j = -103. What is the tens digit of d?
3
What is the units digit of (-3)/(-5) - 324896/(-65)?
9
Let y(o) be the second derivative of o**3/6 + 8*o**2 - 9*o. Let m be y(-12). Suppose -2*r = m*r - 210. What is the units digit of r?
5
Suppose 4*g + 4*d = 2140, -16*g = -20*g - d + 2128. What is the units digit of g?
1
Suppose -34 = -2*o - 8. Suppose 3 - o = a. What is the units digit of 56/10 - 4/a?
6
Let s be 2*(30/4 + -2). Let r be (4/8)/(1/22) - -2. Let f = r - s. What is the units digit of f?
2
Let r(c) = -c**3 + 20*c**2 - 19*c + 14. Let o be r(19). What is the tens digit of 103/2 - 7/o?
5
Let x be (7/2)/(2/(-16)). Let v(o) = o**3 - o**2 + 3*o - 540. Let w be v(0). What is the units digit of w/x - (-4)/(-14)?
9
What is the tens digit of (-240896)/(-288) + 2 + 66/(-27)?
3
Suppose 4*i = -5*f + 2*i + 2144, 0 = 3*f + 5*i - 1294. What is the tens digit of f?
2
Let f(n) = -n**3 - 9*n**2 + 9*n - 10. Let d be f(-10). Suppose 0*v + 2*v - 106 = d. What is the units digit of v?
3
Suppose 14*u = -2*u + 7216. What is the tens digit of u?
5
Let b(h) = -2*h**2 + 43*h + 10. Let k(t) = t**2 - 21*t - 5. Let x(a) = -4*b(a) - 9*k(a). What is the tens digit of x(14)?
4
Let b = 17 - 12. Suppose -b*s + 44 = -3*s. What is the tens digit of s?
2
Suppose 80 = 4*t + t. Suppose 0 = 12*g - t*g + 108. What is the units digit of (14/6 - 2)*g?
9
Let r = 60 - 55. Suppose 0 = r*b + 45 - 390. What is the units digit of b?
9
Let d be 24/42 - (-844)/(-7). Let x = d - -213. Suppose 4*a - 154 = -a - 2*t, -3*a = t - x. What is the tens digit of a?
3
Suppose -12336 = -79*q + 63*q. What is the tens digit of q?
7
What is the units digit of -437*(-42 + 7)/7?
5
Suppose 0 = 2*q - o - 6027, 2*q + 2*o - 7433 = -1415. What is the units digit of q?
2
Suppose -21*p = -23*p + 3096. What is the hundreds digit of p?
5
What is the units digit of 12/16 - (30705/4)/(-5)?
6
Suppose 0 = 2*o - o + 24. What is the tens digit of ((-60)/16)/(1/o)?
9
Suppose 3*i = i - 40. What is the units digit of -1*i/3*3?
0
Suppose -20 = -5*l + w - 5, 5*l = -2*w. What is the tens digit of (0 + 157/l)/(4/8)?
5
Suppose 0 = -6*r - 42. Let z(u) = u**3 + 8*u**2 - u - 1. What is the units digit of z(r)?
5
Let w(l) = -2 + 12*l**2 + 0*l**3 + 17*l - 5*l**3 + 7 + 4*l**3. What is the tens digit of w(13)?
5
Suppose 3*l - 40 = 1040. Let w = -237 + l. What is the tens digit of w?
2
Suppose -11*v + 2816 = -3*v. What is the tens digit of v?
5
Suppose 2*i - 5*s = 52, -4*i + 124 = 2*s - 28. Suppose -a - i = -3*a. Let w = a - 14. What is the units digit of w?
4
Let f(s) = 8*s**2 + 7*s - 3. Suppose -6*m = -4*m + 3*u - 6, 3*m + 4*u - 9 = 0. What is the tens digit of f(m)?
9
Let q be 1/((-3 - 14/(-5))*-1). Suppose 5*w + 4*v + 5 = 0, -q*w + w - 5*v = 13. What is the units digit of w?
3
Suppose -2*c = -4, w = 3*c - 34 + 8. Let l = 124 + w. What is the tens digit of l?
0
Suppose 9*z = 10*z. Suppose z = -5*a + 393 + 497. What is the hundreds digit of a?
1
Let d = 146 + -92. What is the tens digit of d?
5
What is the tens digit of (-15*(-112)/(-24))/((-4)/34)?
9
Suppose 5*j = -5*f + 6240, 296 - 1564 = -f + 3*j. What is the hundreds digit of f?
2
Suppose 8*y - 12 = 4*y. Suppose -y*c - 5*u = -624, 3*c = 3*u + 673 - 73. What is the hundreds digit of c?
2
Suppose -r - 2*r = -3*t - 21, 5*t = -4*r + 19. Let l(q) = -3 + r*q - 3 - 2 + 0*q. What is the tens digit of l(11)?
5
Suppose -129*x + 134*x - 1020 = 0. What is the hundreds digit of x?
2
Let s be (3/(-3))/(-2*(-4)/(-24)). Suppose 7*m - 1290 = -s*m. What is the units digit of m?
9
What is the tens digit of (-8)/(-20)*15 - (2 - 1508)?
1
Let q = -1005 - -1787. What is the units digit of q?
2
Suppose 0 = 88*x - 143724 - 198156. What is the hundreds digit of x?
8
Let i = -6 - 42. Let u = i - -70. What is the tens digit of u?
2
Let v = 15 + -19. Let p(s) = s**3 + 4*s**2 - s - 3. Let q be p(v). What is the units digit of q + 4 + (-4)/2?
3
Let w = 1346 + -440. What is the tens digit of w?
0
Suppose 2514 + 6056 = 10*k. What is the hundreds digit of k?
8
Let i(y) = y**3 + y**2 + y + 92. Let d = -41 - -41. What is the units digit of i(d)?
2
Let j be (1 + -2)*2*-1. Let a(k) = 4 - 4 + k - j. What is the units digit of a(8)?
6
Let q = 9472 - 5359. What is the units digit of q?
3
Suppose 21*j - 24*j - 2*a = -14053, -9374 = -2*j + 4*a. What is the thousands digit of j?
4
Suppose -4*b - 13 + 63 = 2*f, 0 = 2*b + 3*f - 15. Let z = b - 11. Suppose 0 = -z*a + 5*a - 7. What is the units digit of a?
7
Let c be 3/(-4) + 138/(-8). Let f = 20 - c. What is the units digit of f?
8
Let j = -4021 - -8990. What is the units digit of j?
9
Let g(a) = 5*a + 38. Let o be g(-7). Suppose -o*n + 363 = -3*r, 6*n - 5*r = 3*n + 363. What is the hundreds digit of n?
1
Let j(b) = -b - 15. Let q be j(-11). Let v = 123 + q. What is the units digit of v?
9
Let n(x) = -4*x + 270. Let m be n(0). Suppose -4*v - 2 = -m. What is the tens digit of v?
6
Let x = 27 + -21. Suppose x = -f - 0. What is the units digit of (-4)/(-12) - 172/f?
9
Let i(u) = -179*u - 76. Let o be i(-8). Suppose 4*g - o = -400. What is the units digit of g?
9
Let w(j) = -j**3 + 6*j**2 + 8*j - 2. Let x be w(7). Suppose 2*h - h - x = 0. Suppose -23 = -3*i + n + 153, h*i + n = 288. What is the tens digit of i?
5
Let l be (-2)/4 - 99/18. What is the tens digit of ((-26)/l)/((-6)/(-18))?
1
Let x = -6 + 8. Suppose -3*t - 19 = 5*h, 4*t - h - 20 = -7. Suppose -x*y = -2*l - 28, -t*l - 34 = -2*y + 2*l. What is the units digit of y?
1
Suppose 13911 + 32100 = 21*d. What is the thousands digit of d?
2
Let b(w) = -w**3 + 7*w**2 - 6*w + 4. Let l be b(6). Let u(a) = -4*a - l*a - 7*a**2 + 0*a + 24 - 20 + a**3. What is the units digit of u(8)?
4
Let i = 36 + 12. Let k = i + -29. What is the tens digit of k?
1
Suppose -4*v + 3*v + q + 15 = 0, -v = 4*q - 10. Let b = 32 - 29. Let h = v + b. What is the tens digit of h?
1
Let j(z) = 13*z**2 - 10*z + 55. What is the tens digit of j(9)?
1
Suppose 0 = -2*u + 164 + 754. What is the tens digit of u?
5
What is the thousands digit of (43 - 50) + 8830/(6/3)?
4
Suppose -2*j + j + 4*i - 1 = 0, -j = -i - 2. Suppose -5*u - 172 = -3*v + 119, -3*v + 267 = j*u. What is the units digit of v?
2
Let p be -82*(-3)/((-18)/(-3)). Let x be 16/(-56) + (-1 - 69/(-21)). What is the tens digit of p - 8 - (1 - x)?
3
Suppose 5*d + 2*j = 11537, -11549 = -5*d - 18*j + 19*j. What is the units digit of d?
9
Suppose 0 = -2*u + 4*u - 338. Suppose u = 3*p + l - 150, -3*l = p - 109. What is the hundreds digit of p?
1
Suppose 3*k = 12, 2*g + k - 438 - 526 = 0. Suppose 1 = -2*x - 1. What is the units digit of g/25 - x/(-5)?
9
Let p(j) = -22*j + 14. Let t be p(4). Let w = t - -103. What is the tens digit of w?
2
Let l(w) = w**3 - 5*w**2 - 19*w - 7. Suppose 0 = -6*r - 0*r + 54. What is the units digit of l(r)?
6
S